{"id":306,"date":"2018-03-26T10:04:53","date_gmt":"2018-03-26T08:04:53","guid":{"rendered":"https:\/\/madrugadagb.org\/wordpress\/?page_id=306"},"modified":"2019-11-04T13:01:12","modified_gmt":"2019-11-04T12:01:12","slug":"hestia-front","status":"publish","type":"page","link":"https:\/\/madrugadagb.org\/wordpress\/it\/","title":{"rendered":"Front Page"},"content":{"rendered":"\n<div align=\"center\">\n<div class=\"visible-md visible-lg\">\n\n        <a href=\"http:\/\/www.ilmiodono.it\/content\/ilmiodono\/it\/organizzazioni\/veneto\/associazione_perlacollaborazioneallosviluppodibasedellaguineabis_61.html\" target=\"_blank\" rel=\"noopener noreferrer\">\n            <div class=\"unicredit_badge_970x250\">\n                <div class=\"sostieni\">Sostieni<\/div>\n                <div class=\"nomeOrganizzazione\">Sviluppo Guinea Bissau Onlus<\/div>\n                <div class=\"howToText\">su <b>UniCredit www.ilmiodono.it<\/b><br>o in tutte le <b>Agenzie UniCredit<\/b> con bonifico c\/c<\/div>\n                <div class=\"iban\">IT14K0200811770000100947180<\/div>\n                <div class=\"donaButton\">Dona online<\/div>\n                <div class=\"ilmiodonoLogo\">IlMio<span>Dono<\/span><\/div>\n                <img decoding=\"async\" data-src=\"https:\/\/www.unicreditgroup.eu\/etc\/designs\/unicreditgroupn\/img\/static\/logoHiRes.png\" class=\"unicreditLogo lazyload\" src=\"data:image\/svg+xml;base64,PHN2ZyB3aWR0aD0iMSIgaGVpZ2h0PSIxIiB4bWxucz0iaHR0cDovL3d3dy53My5vcmcvMjAwMC9zdmciPjwvc3ZnPg==\">\n            <\/div>\n        <\/a>\n\n        <style type=\"text\/css\">\n            @import url(https:\/\/content.unicredit.it\/etc\/designs\/ucpublic\/it\/css\/font-families.css);\n\n            .unicredit_badge_970x250 {\n                position: relative;\n                width: 970px;\n                height: 250px;\n                background-image: linear-gradient(to right, #25bbe7 , white);\n                font-family: unicredit-regular;\n            }\n            .unicredit_badge_970x250 .sostieni {\n                position: absolute;\n                top: 18px;\n                left: 18px;\n                width: 80px;\n                height: 31px;\n\n                color: white;\n                font-size: 25px;\n                font-weight: bold;\n                line-height: 18px;\n            }\n\n            .unicredit_badge_970x250 .nomeOrganizzazione {\n                position: absolute;\n                top: 49px;\n                left: 18px;\n                width: 512px;\n                height: 99px;\n\n                color: white;\n                font-size: 36px;\n                line-height: 24px;\n                font-weight: normal;\n                text-transform: uppercase;\n            }\n\n            .unicredit_badge_970x250 .howToText {\n                position: absolute;\n                top: 142px;\n                left: 18px;\n                width: 512px;\n                height: 65px;\n\n                color: black;\n                font-size: 24px;\n                line-height: 24px;\n                font-weight: normal;\n            }\n\n            .unicredit_badge_970x250 .iban {\n                position: absolute;\n                top: 207px;\n                left: 18px;\n                width: 512px;\n                height: 27px;\n\n                color: black;\n                font-size: 24px;\n                line-height: 24px;\n                font-weight: normal;\n            }\n\n            .unicredit_badge_970x250 .donaButton {\n                position: absolute;\n                bottom: 20px;\n                right: 18px;\n                height: 48px;\n                width: 148px;\n\n                font-size: 21px;\n                font-weight: normal;\n                background-color: #e2001a;\n                border-top-left-radius: 5px;\n                border-bottom-right-radius: 5px;\n                color: white;\n                text-align: center;\n                vertical-align: middle;\n                padding-top: 5px;\n                text-transform: uppercase;\n                line-height: 12px;\n            }\n\n            .unicredit_badge_970x250 .unicreditLogo {\n                position:absolute;\n                top: 21px;\n                right: 18px;\n                width: 105px;\n                height: 20px;\n            }\n\n            .unicredit_badge_970x250 .ilmiodonoLogo {\n                position:absolute;\n                top: 18px;\n                right: 129px;\n                width: 102px;\n                height: 27px;\n\n                font-size: 25px;\n                line-height: 18px;\n                color: #000;\n            }\n            .unicredit_badge_970x250 .ilmiodonoLogo > span {\n                color: #e2001a;\n            }\n\n        <\/style>\n\n    <\/div><!-- md lg -->\n<div class=\"visible-sm\">\n        <a href=\"http:\/\/www.ilmiodono.it\/content\/ilmiodono\/it\/organizzazioni\/veneto\/associazione_perlacollaborazioneallosviluppodibasedellaguineabis_61.html\" target=\"_blank\" rel=\"noopener noreferrer\">\n            <div class=\"unicredit_badge_728x90\">\n                <div class=\"sostieni\">Sostieni<\/div>\n                <div class=\"nomeOrganizzazione\">Sviluppo Guinea Bissau Onlus<\/div>\n                <div class=\"donaButton\">Dona online<\/div>\n                <div class=\"ilmiodonoLogo\">IlMio<span>Dono<\/span><\/div>\n                <img decoding=\"async\" data-src=\"https:\/\/www.unicreditgroup.eu\/etc\/designs\/unicreditgroupn\/img\/static\/logoHiRes.png\" class=\"unicreditLogo lazyload\" src=\"data:image\/svg+xml;base64,PHN2ZyB3aWR0aD0iMSIgaGVpZ2h0PSIxIiB4bWxucz0iaHR0cDovL3d3dy53My5vcmcvMjAwMC9zdmciPjwvc3ZnPg==\">\n            <\/div>\n        <\/a>\n\n        <style type=\"text\/css\">\n            @import url(https:\/\/content.unicredit.it\/etc\/designs\/ucpublic\/it\/css\/font-families.css);\n\n            .unicredit_badge_728x90 {\n                position: relative;\n                width: 728px;\n                height: 90px;\n                background-image: linear-gradient(to right, #25bbe7 , white);\n                font-family: unicredit-regular;\n            }\n            .unicredit_badge_728x90 .sostieni {\n                position: absolute;\n                top: 9px;\n                left: 13px;\n                width: 125px;\n                height: 31px;\n\n                color: white;\n                font-size: 20px;\n                font-weight: bold;\n            }\n\n            .unicredit_badge_728x90 .nomeOrganizzazione {\n                position: absolute;\n                top: 54px;\n                left: 13px;\n                width: 602px;\n\n                color: black;\n                font-size: 33px;\n                line-height: 13px;\n                font-weight: normal;\n                text-transform: uppercase;\n            }\n\n            .unicredit_badge_728x90 .donaButton {\n                position: absolute;\n                bottom: 13px;\n                right: 13px;\n                height: 28px;\n                width: 86px;\n\n                font-size: 12px;\n                font-weight: normal;\n                background-color: #e2001a;\n                border-top-left-radius: 5px;\n                border-bottom-right-radius: 5px;\n                color: white;\n                text-align: center;\n                vertical-align: middle;\n                padding-top: 5px;\n                text-transform: uppercase;\n                line-height: 12px;\n            }\n\n            .unicredit_badge_728x90 .unicreditLogo {\n                position:absolute;\n                top: 13px;\n                right: 13px;\n                width: 82px;\n                height: 16px;\n            }\n\n            .unicredit_badge_728x90 .ilmiodonoLogo {\n                position:absolute;\n                top: 13px;\n                right: 103px;\n                width: 82px;\n                height: 22px;\n\n                font-size: 20px;\n                line-height: 13px;\n                color: #000;\n            }\n            .unicredit_badge_728x90 .ilmiodonoLogo > span {\n                color: #e2001a;\n            }\n\n        <\/style>\n<\/div><!-- sm -->\n\n<div class=\"visible-xs hidden-sm\">\n        <a href=\"http:\/\/www.ilmiodono.it\/content\/ilmiodono\/it\/organizzazioni\/veneto\/associazione_perlacollaborazioneallosviluppodibasedellaguineabis_61.html\" target=\"_blank\" rel=\"noopener noreferrer\">\n            <div class=\"unicredit_badge_300x50\">\n                <div class=\"sostieni\">Sostieni<\/div>\n                <div class=\"nomeOrganizzazione\">Sviluppo Guinea Bissau Onlus<\/div>\n                <div class=\"donaButton\">Dona online<\/div>\n                <div class=\"ilmiodonoLogo\">IlMio<span>Dono<\/span><\/div>\n                <img decoding=\"async\" data-src=\"https:\/\/www.unicreditgroup.eu\/etc\/designs\/unicreditgroupn\/img\/static\/logoHiRes.png\" class=\"unicreditLogo lazyload\" src=\"data:image\/svg+xml;base64,PHN2ZyB3aWR0aD0iMSIgaGVpZ2h0PSIxIiB4bWxucz0iaHR0cDovL3d3dy53My5vcmcvMjAwMC9zdmciPjwvc3ZnPg==\">\n            <\/div>\n        <\/a>\n\n        <style type=\"text\/css\">\n            @import url(https:\/\/content.unicredit.it\/etc\/designs\/ucpublic\/it\/css\/font-families.css);\n\n            .unicredit_badge_300x50 {\n                position: relative;\n                width: 300px;\n                height: 50px;\n                background-image: linear-gradient(to right, #25bbe7 , white);\n                font-family: unicredit-regular;\n            }\n            .unicredit_badge_300x50 .sostieni {\n                position: absolute;\n                top: 6px;\n                left: 11px;\n                width: 80px;\n                height: 13px;\n\n                color: white;\n                font-size: 13px;\n                font-weight: bold;\n            }\n\n            .unicredit_badge_300x50 .nomeOrganizzazione {\n                position: absolute;\n                top: 28px;\n                left: 11px;\n                width: 222px;\n                height: 20px;\n\n                color: black;\n                font-size: 13px;\n                line-height: 13px;\n                font-weight: normal;\n                text-transform: uppercase;\n            }\n\n            .unicredit_badge_300x50 .donaButton {\n                position: absolute;\n                bottom: 8px;\n                right: 7px;\n                height: 12px;\n                width: 55px;\n\n                font-size: 7px;\n                font-weight: normal;\n                background-color: #e2001a;\n                border-top-left-radius: 5px;\n                border-bottom-right-radius: 5px;\n                color: white;\n                text-align: center;\n                text-transform: uppercase;\n                line-height: 12px;\n            }\n\n            .unicredit_badge_300x50 .unicreditLogo {\n                position:absolute;\n                top: 11px;\n                right: 7px;\n                width: 49px;\n                height: 10px;\n            }\n\n            .unicredit_badge_300x50 .ilmiodonoLogo {\n                position:absolute;\n                top: 11px;\n                right: 60px;\n                width: 45px;\n                height: 12px;\n\n                font-size: 11px;\n                line-height: 12px;\n                color: #000;\n            }\n            .unicredit_badge_300x50 .ilmiodonoLogo > span {\n                color: #e2001a;\n            }\n\n        <\/style>\n    <\/div><!-- xs -->\n\n<\/div>\n<br>\n<hr>    \n\n\n\n<div class=\"wp-block-image\"><figure class=\"alignleft\"><img decoding=\"async\" width=\"150\" height=\"150\" data-src=\"https:\/\/madrugadagb.org\/wordpress\/wp-content\/uploads\/2018\/05\/Logo-DEFINITIVO-Associazione-Guinea-Bissau-2014-Trasp-150x150.png\" alt=\"\" class=\"wp-image-472 lazyload\" data-srcset=\"https:\/\/madrugadagb.org\/wordpress\/wp-content\/uploads\/2018\/05\/Logo-DEFINITIVO-Associazione-Guinea-Bissau-2014-Trasp-150x150.png 150w, https:\/\/madrugadagb.org\/wordpress\/wp-content\/uploads\/2018\/05\/Logo-DEFINITIVO-Associazione-Guinea-Bissau-2014-Trasp-300x300.png 300w, https:\/\/madrugadagb.org\/wordpress\/wp-content\/uploads\/2018\/05\/Logo-DEFINITIVO-Associazione-Guinea-Bissau-2014-Trasp.png 741w\" data-sizes=\"(max-width: 150px) 100vw, 150px\" src=\"data:image\/svg+xml;base64,PHN2ZyB3aWR0aD0iMSIgaGVpZ2h0PSIxIiB4bWxucz0iaHR0cDovL3d3dy53My5vcmcvMjAwMC9zdmciPjwvc3ZnPg==\" style=\"--smush-placeholder-width: 150px; --smush-placeholder-aspect-ratio: 150\/150;\" \/><\/figure><\/div>\n\n\n\n<p>Sei nel sito dell\u2019<strong>Associazione per la Collaborazione allo Sviluppo di Base della Guinea Bissau<\/strong>.<\/p>\n\n\n\n<p>Questa Associazione \u00e8 nata il 30 novembre 1993 per collaborare con una realt\u00e0 del Terzo Mondo gi\u00e0 esistente e consolidata: la &nbsp;<strong>Cooperativa \u201dMadrugada\u201d<\/strong><span>&nbsp;<\/span>(aurora in portoghese) di Bissau.<\/p>\n\n\n\n<p>La Cooperativa \u00e8 stata fondata in<span>&nbsp;<\/span><strong>Guinea Bissau<\/strong><span>&nbsp;<\/span>nel 1991 ad opera di un gruppo di medici ed un sacerdote, in seguito alla constatazione che le strutture sociali esistenti sono assolutamente &nbsp;inadeguate alle necessit\u00e0 socio-sanitarie di base: lo scopo \u00e8 quello di offrire prestazioni professionalmente qualificate a prezzi popolari.<\/p>\n\n\n\n<p>Questa cooperativa nasce in loco, non \u00e8 gestita da realt\u00e0 straniere, d\u00e0 lavoro a personale locale e si autofinanzia. Lavorando a prezzi popolari, per\u00f2, non \u00e8 possibile raccogliere \u201ccapitali\u201d per effettuare investimenti in campo umano, tecnologico e finanziario.<\/p>\n\n\n\n<p>Il<span>&nbsp;<\/span><strong>progetto<\/strong><span>&nbsp;<\/span>dell\u2019Associazione per la Collaborazione allo Sviluppo di Base della Guinea Bissau, consiste nell\u2019intervenire solo a livello di<span>&nbsp;<\/span>investimenti, immobili ed attrezzature, e in termini di formazione professionale continua. Svolge inoltre un\u2019azione di controllo riguardante solamente la gestione dei propri progetti d\u2019investimento, la cui realizzazione \u00e8 affidata alla Cooperativa Madrugada.<\/p>\n","protected":false},"excerpt":{"rendered":"<p>Sostieni Sviluppo Guinea Bissau Onlus su UniCredit www.ilmiodono.ito in tutte le Agenzie UniCredit con bonifico c\/c IT14K0200811770000100947180 Dona online IlMioDono Sostieni Sviluppo Guinea Bissau Onlus Dona online IlMioDono Sostieni Sviluppo Guinea Bissau Onlus Dona online IlMioDono Sei nel sito dell\u2019Associazione per la Collaborazione allo Sviluppo di Base della Guinea Bissau. [&hellip;]<\/p>\n","protected":false},"author":1,"featured_media":0,"parent":0,"menu_order":0,"comment_status":"closed","ping_status":"closed","template":"","meta":{"footnotes":""},"class_list":["post-306","page","type-page","status-publish","hentry"],"_links":{"self":[{"href":"https:\/\/madrugadagb.org\/wordpress\/wp-json\/wp\/v2\/pages\/306","targetHints":{"allow":["GET"]}}],"collection":[{"href":"https:\/\/madrugadagb.org\/wordpress\/wp-json\/wp\/v2\/pages"}],"about":[{"href":"https:\/\/madrugadagb.org\/wordpress\/wp-json\/wp\/v2\/types\/page"}],"author":[{"embeddable":true,"href":"https:\/\/madrugadagb.org\/wordpress\/wp-json\/wp\/v2\/users\/1"}],"replies":[{"embeddable":true,"href":"https:\/\/madrugadagb.org\/wordpress\/wp-json\/wp\/v2\/comments?post=306"}],"version-history":[{"count":12,"href":"https:\/\/madrugadagb.org\/wordpress\/wp-json\/wp\/v2\/pages\/306\/revisions"}],"predecessor-version":[{"id":914,"href":"https:\/\/madrugadagb.org\/wordpress\/wp-json\/wp\/v2\/pages\/306\/revisions\/914"}],"wp:attachment":[{"href":"https:\/\/madrugadagb.org\/wordpress\/wp-json\/wp\/v2\/media?parent=306"}],"curies":[{"name":"wp","href":"https:\/\/api.w.org\/{rel}","templated":true}]}}